. What is the greatest common factor of 14 and d?
14
Suppose -x = -k - 0*k + 42, 0 = 5*x + 15. Suppose 0 = 3*i + t - 350, -13*i + 4*t = -9*i - 472. Calculate the greatest common divisor of i and k.
39
Let y(i) = 12*i**2 - 2*i + 8. Let a(x) = -x + 15. Let o be a(6). Suppose 5*n = o*n - 16. Let w be y(n). Calculate the greatest common divisor of w and 24.
24
Let o = -4 + 7. Suppose o*x + 1 = 2*b + 6, -4*b - 7 = -5*x. Calculate the greatest common factor of b and 8.
2
Let r(k) = k**3 - 12*k**2 - 4. Let f be r(12). Let m be -2*((-742)/f)/(-7). Let i = m - 37. What is the highest common divisor of i and 16?
16
Let u(g) = g + 21. Let q be u(-16). Let j = q + 5. Calculate the greatest common factor of 15 and j.
5
Suppose 3*j = -2*j + 120. Suppose 5*n + 3*o = -33, -2*n + 0*o - 14 = 2*o. Let p = n + j. Calculate the highest common factor of 54 and p.
18
Let d be -7 + 85 + 13 + -11. Let f = 10 - -6. Calculate the greatest common divisor of f and d.
16
Let n be 7279/290 + 1/(-10). Suppose 2*m = 11 + 239. What is the highest common divisor of m and n?
25
Suppose -3*p + 4198 = g, 3*g = -3*p + g + 4196. Let z be (-22)/18 + 1 - p/(-63). Calculate the greatest common divisor of 55 and z.
11
Let z = -1049 + 1073. Calculate the highest common divisor of 104 and z.
8
Suppose -11*d = -9 - 79. Calculate the highest common divisor of d and 14.
2
Let h be 696/(-56) + 4 + (-4)/7. Let w = h + 69. What is the greatest common factor of w and 12?
12
Let d be -1 - 2 - (-2 + -59). Let s = -16 + d. Let g be 2/(-7) + 54/s. Calculate the highest common divisor of 8 and g.
1
Let o be (8070/(-9))/(-10) - 6/(-18). Let l(s) = 11*s**3 - 2*s + 1. Let h be l(1). Calculate the greatest common factor of h and o.
10
Let k(i) = -i**2 + 12*i - 4. Let x be k(11). What is the highest common factor of x and 189?
7
Let a = -2280 - -4116. Calculate the highest common divisor of 68 and a.
68
Let w = 42 + -71. Let y(s) = -2*s - 53. Let d be y(w). What is the greatest common factor of 10 and d?
5
Let p(m) = -m**2 - 5*m + 29. Let i be p(0). Suppose -27*f - 34 = -i*f. What is the highest common factor of 119 and f?
17
Suppose -8*z = -5*z + 2*g - 152, 5*z = -5*g + 255. Suppose -42 = -4*f - t + 2*t, 0 = f - 4*t - 18. Calculate the highest common factor of f and z.
10
Let x(h) be the third derivative of -h**6/120 - 13*h**5/60 - 5*h**4/8 - 35*h**3/6 + 4*h**2. Let n be x(-12). Calculate the greatest common divisor of n and 8.
1
Let y = -13 + 21. Let m(n) = -19*n - 45. Let s be m(-7). What is the greatest common factor of s and y?
8
Let s(r) = -20*r**2 + 133*r + 3. Let t be s(5). Calculate the highest common factor of 35 and t.
7
Suppose 0 = -108*t + 103*t - 5*w + 375, t - 75 = -5*w. Calculate the greatest common divisor of t and 180.
15
Let m(t) = 16*t**2 + 5*t - 27. Let k be m(3). What is the highest common divisor of k and 312?
12
Suppose 3*t = t + 16. Suppose -2*u = -297 - 17. Let k = 221 - u. What is the highest common divisor of t and k?
8
Let w be (-25)/200 - (-370)/16. Calculate the highest common divisor of w and 23.
23
Let f = -20 + 50. Let k = f - -35. Suppose -t = -k + 21. Calculate the greatest common divisor of 4 and t.
4
Let n be (215/30 + -7)*66. What is the greatest common divisor of 7 and n?
1
Let q = 107 - 47. Calculate the highest common factor of 80 and q.
20
Suppose 3*f = 4*s + 41, 0 = -2*f + 4*s + 20 + 14. Suppose 7*t - 594 = 43. What is the highest common factor of t and f?
7
Let q be (4 - 1)/(48/32). Suppose 4*p - 496 = 4*h, -q*p - h + 103 = -133. Calculate the greatest common divisor of p and 40.
40
Suppose -i + 6*i + 35 = 2*y, -3*i - 66 = -3*y. Suppose 0 = -w - y + 45. What is the greatest common factor of 50 and w?
10
Let d = 135 - 102. Suppose 4*a + 1 = -5*w, -w = 4*a - 9*a - 23. Let u be 136/6 + (-2)/w. What is the highest common factor of u and d?
11
Suppose -3*w = 4*u - 26, -5*w = 2*u - 5*u + 5. Suppose -3*z + 0*z + w*a + 48 = 0, -11 = -z - a. What is the highest common divisor of 70 and z?
14
Let f be (-1452)/(-22) + (-1)/(-1) + -3. What is the highest common factor of 1312 and f?
32
Let l be 18/4*2/(-1). Let p = l + 18. Let r = -1062 + 1134. What is the greatest common divisor of r and p?
9
Let m(y) = 2*y**2 - 2*y - 18. Let f be m(-3). What is the greatest common factor of f and 48?
6
Let w(p) = -p**2 + 4*p + 7. Let l be w(5). Suppose 13 + 14 = 3*b - l*t, 0 = b - 3*t - 9. Let i = 21 - b. What is the greatest common factor of i and 18?
6
Let w(b) = 2*b**2 + 13*b + 21. Let x be w(-2). Calculate the highest common divisor of x and 4.
1
Suppose o = r - 10, 17 - 2 = 3*r. Let u = o + 16. Suppose -2 = h - u. What is the highest common factor of h and 1?
1
Suppose 0 = -4*z + 50 + 70. Let q = 2539 + -2533. Calculate the highest common divisor of q and z.
6
Suppose 0*k + 10*k = 760. What is the highest common factor of 57 and k?
19
Let k = -11 - -17. Let d(b) = -8*b + 212. Let w be d(26). What is the highest common factor of k and w?
2
Let v be 2/(-10) + (-96)/(-5). Suppose -v*o + 17*o = -112. Suppose 3*p - 5*y - 44 = 0, 2*p - 3 = -2*y + 5. What is the greatest common factor of o and p?
8
Let j be (-3)/((-1)/(-939)*-3). Suppose 4*z - 3*p + j = 0, 0 = 2*z - 4*z + 2*p - 468. Let t be 3/(-9) + z/(-9). What is the highest common divisor of t and 208?
26
Let h(c) = -c**2 + 15*c - 7. Let s be h(14). Suppose -2*k = -s*k + 255. What is the highest common divisor of k and 17?
17
Suppose 44*f + 74477 = 61*f. Calculate the highest common divisor of f and 13.
13
Suppose 0 = -6*z + 5*z + 297. What is the greatest common divisor of z and 27?
27
Suppose -1713 - 2127 = -12*f. Calculate the highest common divisor of f and 5.
5
Let q = 10 - 2. Let y be 20*(3 + -4)/(-2). Suppose 2*j - 166 - y = 0. Calculate the highest common factor of q and j.
8
Suppose -4*m = -5*m + 45. Suppose -18 + 9 = -c. Calculate the greatest common factor of m and c.
9
Let n be ((-15)/10)/((-18)/24). Suppose 0 = -n*t + 3*t - 4*r - 34, -5*t + 4*r + 106 = 0. What is the highest common factor of t and 18?
18
Suppose -2 = -5*o - 47. Let i be 2/o - (-83)/9. Let c = 4 - -2. What is the highest common divisor of c and i?
3
Let i(n) = -n**3 - 10*n**2 + 76*n + 29. Let r be i(-15). Suppose -c - 87 = -2*u, 81 = 2*u - 2*c - 9. Calculate the highest common divisor of u and r.
14
Suppose -z - 3*x - 7 = 0, -z = -5*z - 5*x. Suppose z*t - 6*t - 399 = -5*w, w = -3*t + 83. Calculate the greatest common divisor of 32 and w.
16
Suppose 10*c = 10 + 470. What is the highest common divisor of 36 and c?
12
Let t(d) = d**2 + 15*d + 5. Let s be t(-15). Suppose 4*p + 20 = 0, -58 = -3*a - 0*p + s*p. What is the highest common factor of 11 and a?
11
Let i(d) be the second derivative of -1/6*d**3 - d + 4*d**2 + 0. Let z be i(-7). What is the greatest common divisor of 165 and z?
15
Let u(t) = -t + 3. Let q be u(-11). Let x be (-3)/(-2) - (-2499)/q. Calculate the greatest common factor of x and 72.
36
Let f(t) = t**3 - 9*t**2 + 14*t - 2. Let h be f(10). Let v = h + -128. What is the highest common divisor of 44 and v?
22
Let d be (3 + 4 - 4) + -34. Let a = -5 - d. What is the highest common divisor of a and 65?
13
Suppose 15 = 3*v - 0*v. Suppose u + 3*o = 69, 2*u - v*u + 243 = -3*o. What is the greatest common factor of 26 and u?
26
Suppose -9*q + 664 = -776. Let b = 259 - q. What is the greatest common divisor of b and 9?
9
Let w be (-24 + 50)/(6/9). What is the highest common factor of w and 416?
13
Let k(z) = 5*z + 7. Let s be k(2). What is the highest common divisor of 272 and s?
17
Suppose 2 = -2*x + 8. Suppose 0 = -3*y - y - 2*a + 14, -2*a = -4*y + 10. What is the greatest common divisor of x and y?
3
Let v(p) = p**2 + 12*p - 67. Let f be v(5). What is the highest common factor of 10 and f?
2
Let n be (-3)/((-4)/((-176)/(-6))). Suppose -5*i - 20 = 0, -3*i - i = -5*y + 1226. Let f be (y/(-3))/(7/(-21)). Calculate the highest common divisor of n and f.
22
Let f be 280/88 + 4/(-22)*1. Suppose 2*b + 81 = 3*w - 3*b, f*b = -5*w + 169. What is the greatest common factor of 8 and w?
8
Let c be -4 + 10/((-5)/(-1)). Let h(g) = 6*g**2 + 4*g + 3. Let a be h(c). Calculate the greatest common divisor of a and 171.
19
Suppose -10 = -3*u + 5. Suppose u*h - 37 = -117. Let v = 42 + h. What is the highest common divisor of v and 234?
26
Let x = -724 + 746. What i